ided by i(-14).
2
Suppose 0 = 4*u - 7 - 1. Suppose u*q - 30 = -2. Calculate the remainder when 914/q - (-1 - (-63)/49) is divided by 23.
19
Let h be (0 + 82/(-6))/((-4)/(-72)). Let k = 409 + h. Calculate the remainder when k is divided by 55.
53
Let q = 482 + -477. Suppose -40*l = -35*l + 5*w - 150, -2*w + 147 = q*l. Calculate the remainder when 111 is divided by l.
24
Suppose 0 = 7*v - 2*v - 855. Suppose 2*l - 5*m = 63, 23*m = 27*m + 4. Calculate the remainder when v is divided by l.
26
Let j = -4 + 6. Suppose -a - 37 = -3*q + 72, 8 = -j*a. Calculate the remainder when q is divided by 16/2 + 204/51.
11
Suppose 7*q = 10*q - 9. Suppose q*p = -5*g + 488, -g - 880 = -5*p + 4*g. Calculate the remainder when p is divided by 29.
26
Suppose -5*z - 3*f = -98, -3*z - 68*f = -59*f + 6. What is the remainder when 8921 is divided by z?
21
Let w = 16 + 58. Let m = -58 + w. What is the remainder when 78 is divided by m?
14
Let h be (5 - 180)/(-7) + -4 + 1. Let g = h + 0. What is the remainder when g is divided by 14?
8
Let n(a) = 23*a + 17. Let f(g) = -52*g - 35. Let w(j) = 4*f(j) + 9*n(j). Let r = -13 - -22. What is the remainder when w(r) is divided by 3?
1
Suppose 0 = f + 2*a - 0*a - 35, a = f - 20. Suppose f = -3*p + 4*p. What is the remainder when (-3)/((13/(-533))/(1 + 0)) is divided by p?
23
Suppose 5892 = 4*n + 2*w, -8*w + 2928 = 2*n - 4*w. Calculate the remainder when n is divided by 10.
6
Suppose 10*j - 11*j + 2*r + 112 = 0, 5*r + 439 = 4*j. Calculate the remainder when j is divided by 11.
7
Suppose -11*w - 4*w = -16*w + 161. Calculate the remainder when 409 is divided by w.
87
Suppose 10 = -2*b, 6*b = -3*v + 3*b + 711. Suppose 0 = -356*y + 413*y + 337 - 2674. Calculate the remainder when v is divided by y.
37
Suppose 0 = 3*z - 9*z + 126. Let d(n) = -n**2 - 9*n - 2. Let a be d(-7). Let v = z + a. What is the remainder when 64 is divided by v?
31
Suppose 16*g + 5*g = 1764. Suppose -141*q = -138*q - g. What is the remainder when 43 is divided by q?
15
Let l(t) = -7*t**2 - 46*t - 13. Let y = -64 + 101. Suppose 0 = 4*n + 1 - y. Calculate the remainder when l(-6) is divided by n.
2
Let n = 4463 + -4455. What is the remainder when 6942 is divided by n?
6
Let a be -7 + 11 + -5 + 3. Calculate the remainder when 60*(20/(-15) + a) is divided by (-4)/10 + (-32)/(-5).
4
Suppose 144*c + 84*c - 50160 = 0. What is the remainder when c is divided by 45?
40
Suppose -59 = 3*h - 7*h + 3*b, -b - 49 = -4*h. Let l(p) = -2*p + 4*p + p + h*p**3 - 10*p**3 - 4*p**2 - 6. What is the remainder when 21 is divided by l(4)?
3
Let x = 20881 + -19718. Calculate the remainder when x is divided by 317.
212
Suppose 8 = -9*y + y. Let m = y + 16. Calculate the remainder when 5*20 + 0 + 2 is divided by m.
12
Let f = 4105 - 4051. Calculate the remainder when 134 is divided by f.
26
Let v(x) = x**3 + 3*x**2 + 2*x + 150. Let n(i) = 6*i + 82. Calculate the remainder when n(38) is divided by v(0).
10
Suppose a + 2*u - 88 = 0, -2*u = 3*a - 5*u - 309. Suppose -b - 246 = -4*w - 50, a = 2*w + 2*b. Calculate the remainder when w is divided by 17.
15
Let d = 4 - -10. Let k(j) = 9*j + 47. Let x be k(-5). Suppose -x*i - 4 = w - 81, 0 = -4*w + 4. What is the remainder when i is divided by d?
10
Let r(d) = -2*d**3 + 22*d**2 + 28*d - 236. What is the remainder when r(9) is divided by 8?
4
Let n(o) = o**3 + 22*o**2 - 23*o + 27. Let m be n(-23). Suppose 0 = -29*a + m*a + 170. Let u = 91 - a. Calculate the remainder when 29 is divided by u.
5
Let v(h) = 11*h - 3. Let t be v(-7). Let d = -242 - -201. Let j = d - t. Calculate the remainder when j is divided by 7.
4
Let z(g) = -g**2 - 22*g - 24. Suppose 5*r + 106 = -2*d, -3*r + 4*d - 51 = d. Calculate the remainder when z(r) is divided by (1 + 0)*(-15)/(-5).
1
Suppose 0 = 74*m + 31*m + 37*m - 2840. Calculate the remainder when 2518 is divided by m.
18
Suppose -5*g - 5*v + 110 = 0, g - 11 = -2*v + 7. Suppose -g*w + 5*w = -441. Calculate the remainder when 118 is divided by w.
13
Let b = -125 + 128. Suppose 2*z + 2 = 2*g + 16, -b*g = -z - 3. What is the remainder when 1 + -3 + 72 + -1 is divided by z?
9
Let l = -79 - -87. Let m be (-1 - 1) + 3*(-50)/(-6). Let r = m + 30. What is the remainder when r is divided by l?
5
Let z = -24 - -84. Let a be (-2)/15 - (112/z)/(-14). Suppose 4*k - 2*t = 88, -6*k + k + 2*t + 112 = a. What is the remainder when 142 is divided by k?
22
Suppose -150 = 3062*q - 3072*q. Let m(t) = 720*t. Let u be m(1). What is the remainder when ((-2)/4)/((-5)/u) is divided by q?
12
Let t(m) = 19*m - 92. Let r be t(5). Suppose n - 96 = 6*c - r*c, -2*c = 3*n - 277. What is the remainder when n is divided by 20?
13
Suppose -8*n - 440 = -4*l - 12*n, -5*l = -3*n - 518. Calculate the remainder when 571 is divided by l.
41
Suppose -4*m = -366 + 370, 3*o + 3*m - 1284 = 0. Calculate the remainder when 459 is divided by o.
30
Let h(b) = 31*b**2 + 34*b + 8. What is the remainder when h(6) is divided by 18?
14
Let i be (2016/(-90))/((-3)/(-45)*-2). Calculate the remainder when (1/(2/i))/((-13)/(-39)) is divided by 19.
5
Suppose -u = -13 - 0. Suppose -123 + 15 = -18*v. Suppose -v*t = 17*t - 575. Calculate the remainder when t is divided by u.
12
Suppose 17 = 3*h + 2*q, 2*h - 2*q + 9 - 27 = 0. Calculate the remainder when 859 is divided by h.
5
Calculate the remainder when 1048 is divided by ((-108)/(-240))/(1/5)*(8 - -4).
22
Let a = 155 - 99. Let r(x) = x**2 + 10*x**2 + 2*x**2 - 2*x + 2*x**2 - x**2 + 3. Calculate the remainder when a is divided by r(-1).
18
Let r be (-4046)/(-21)*(-6)/(-4). Suppose -33*x + 31*x = 0. Suppose 3*a + 382 = 4*y + 2*a, x = 3*y - 2*a - r. Calculate the remainder when y is divided by 12.
11
Suppose -325395 = -25*k - 37*k - k. Calculate the remainder when k is divided by 94.
89
Let g = -62 - -71. Suppose -g*m + 25*m = 80. Calculate the remainder when 203 is divided by m.
3
Suppose 2*g - 34 = 4*r - 5*r, 2*g - 3*r - 42 = 0. Calculate the remainder when 196 is divided by g.
16
Let i = -662 + 770. What is the remainder when 152 is divided by 18*8/i - (-140)/3?
8
Calculate the remainder when ((-108)/(-594))/(1/473) is divided by 28.
2
Suppose 2*o + i = 103, -3*o + 131 = 2*i - 27. What is the remainder when (-12)/10*(-615)/6 is divided by o?
27
What is the remainder when 53 + (-11 + 14)*1 is divided by 4?
0
Calculate the remainder when ((-352070)/45)/(-19) - (-4)/18 is divided by 8.
4
Suppose 8 = 2*q + 4. Suppose 3*o + 4*c = 3*c + 130, 4*o - q*c - 170 = 0. Let n = o - 6. What is the remainder when n is divided by 13?
11
Suppose 370 = -6*f + 16*f. Calculate the remainder when 2/(-8) - (-5265)/36 is divided by f.
35
Let m = 55 + -22. Suppose 12820*f - 12864*f = -4224. What is the remainder when f is divided by m?
30
Suppose 51 = 3*o + 5*f, -o = 3*f - 17 + 4. Let n = -101 - -205. Let i = 147 - n. Calculate the remainder when i is divided by o.
21
Let c = -34 + 34. Suppose 15 = m + s, 5*m + 2*s + 16 - 79 = c. Calculate the remainder when ((-123)/6)/(4/(-8)) is divided by m.
8
Suppose 0 = -o + 4*i + 51, -5*i + 0*i = -3*o + 125. Calculate the remainder when 493 is divided by o.
3
Let q be (3 - (0 + -1)) + (15 - 16). Suppose x + 12 = 4*b, -15 = -q*x + x - 5*b. What is the remainder when 37 is divided by (48/(-3))/(-2 + x)?
5
Suppose -4*z = 2*s - 88, 3359*z - 3356*z + 4*s - 96 = 0. Calculate the remainder when ((-18)/4)/(4/(-40)) is divided by z.
13
Let q(p) = 2*p**2 - 11*p + 7. Let l be q(5). What is the remainder when 88 is divided by ((-31)/3)/(l/(-6))?
26
Let v(u) = -2*u**3 + 46*u**2 - 136*u - 68. Calculate the remainder when v(19) is divided by 16.
12
Suppose 0 = -490*x + 491*x - 531. Let f(v) = -20*v**2 + 5*v - 3. Let a be f(4). Let r = a + x. Calculate the remainder when r is divided by 46.
44
Let b(t) be the first derivative of -41*t**2 - 367*t - 457. What is the remainder when (-34)/(-3)*(-30)/(-4) is divided by b(-5)?
42
Suppose 33*v + 7447 - 26356 = 0. Suppose 5*l - v = -208. What is the remainder when l is divided by 42?
31
Suppose 4*z + 164 = 4*m, 3*m - 8*m - z = -205. Let l = -309 - -509. Calculate the remainder when l is divided by m.
36
Suppose 0 = -14*f + 1778 + 7616. Let d = f + -651. What is the remainder when 20 is divided by d?
0
Let m be 17/4 - 2/8. Let s(g) = g**2 - 2*g - 2. Calculate the remainder when 15/(((-2210)/39